4*y + 4210. What is the greatest common divisor of 306 and y?
34
Let c(y) = 102*y**2 + 9*y - 1. Let g be c(1). Suppose 93 = 7*o - g. What is the highest common divisor of o and 319?
29
Suppose 3*f = 223*p - 227*p + 487, -12 = 4*f. What is the highest common factor of 62 and p?
62
Let r be (-56)/84 + 3/((-18)/854). Let s = r + 164. What is the greatest common divisor of 147 and s?
21
Let r be 5201/42 - ((-6)/(-2))/(-18). Suppose -r*p + 2035 = -119*p. Calculate the greatest common factor of 37 and p.
37
Let p(j) = 8 - j**3 + 28*j**2 - 31*j**2 + 3*j**3 - 5*j + 13*j. Let s be p(4). What is the highest common factor of s and 12?
12
Let s(q) = -q - 18. Let w be s(-16). Let x be (-12)/162*-3 - w/(-9). Suppose x = -p - 15 + 20. What is the greatest common factor of p and 55?
5
Let w = -3636 - -3640. What is the highest common factor of w and 214?
2
Let t = -6902 - -6930. What is the highest common divisor of t and 2478?
14
Let d be 176/(-10 + 21)*75. Calculate the greatest common divisor of 1350 and d.
150
Let p = 276 + -271. Suppose u + d + 1 - 22 = 0, -60 = -p*u + 4*d. What is the highest common factor of 40 and u?
8
Suppose -25 + 80 - 22 = 11*x. What is the greatest common factor of x and 178?
1
Let f be 1/((4/(-6))/(156/(-18))). Suppose f*h - 504 = 5*h. Calculate the highest common factor of 14 and h.
7
Let x(n) = n**2 + 13*n + 11. Suppose 0 = -6*z + 2*z + 8, 2*r - 3*z + 32 = 0. Let d be x(r). Calculate the greatest common divisor of d and 2.
1
Suppose 20 = 5*y, 4*v - 8 = 2*v + 2*y. Let x be (-2 - 154/5)/(2/(-10)). Let u = x - 132. What is the greatest common factor of u and v?
8
Let p = 7361 - 7277. What is the greatest common divisor of 1533 and p?
21
Let i = 6778 + -6468. Let z be (10/8)/((-3)/(-48)). What is the highest common divisor of z and i?
10
Suppose -3*s + b + 17 = 0, 5*s + b - 11 = 4. Suppose -198 = -p + 4*w, -202 = -p - 2*w + s*w. Let c = 326 - p. What is the highest common factor of c and 30?
30
Let t be (-13)/65 - 9/5. Let x(k) be the first derivative of 2*k**3/3 - 5*k**2/2 - 6*k - 42. Let v be x(t). Calculate the greatest common divisor of v and 24.
12
Suppose -596 + 2348 = 2*i + 4*j, j = 5*i - 4413. Calculate the greatest common factor of i and 252.
126
Let a be 30/(-27) - (0 - (-455)/(-45)). Suppose 3*u = -5*l + 33, -7*u + 27 = -2*u - l. What is the highest common factor of u and a?
3
Let z = 34092 + -34083. What is the greatest common divisor of 9081 and z?
9
Suppose -8*u = -11*u + 24. Let t = -66 - -67. What is the highest common divisor of t and u?
1
Let i = -165 + 167. Suppose -4 = i*h + 4*l, -h + l = -14 + 1. Calculate the highest common factor of h and 112.
8
Suppose 66*x + 2765 = 17*x + 7861. Calculate the highest common factor of 1924 and x.
52
Let q be (56 - 54)/(1/74). Let c(s) = s**3 + s**2 + s + 4. Let f be c(0). What is the highest common factor of f and q?
4
Let z(m) = 35*m + 25. Let x be z(-3). Let c be (735/196)/((-6)/x). What is the greatest common divisor of 150 and c?
50
Let n = -4 - -13. Let g = -6 + n. Suppose g*l + 9 = 0, 5*w + 2*l - 275 = 7*l. Calculate the greatest common factor of w and 130.
26
Suppose 279 + 36 = 9*d. Suppose 32*x = d*x - 72. Calculate the greatest common divisor of x and 120.
24
Let s be (-26)/91 - (-2)/7. Let b(o) = 0 + s - 3 + 16*o - 2*o. Let g be b(3). What is the highest common factor of g and 13?
13
Suppose -4*m = z - 3*z - 8, 5*m - 3*z = 9. Suppose 270 = 3*n - 5*u, m*u = n - 3*n + 161. Let y = 1025 - 991. What is the greatest common factor of n and y?
17
Let x be ((-28)/7)/(-16)*8. Let a be 1/x*(12 + 558). Calculate the greatest common divisor of 15 and a.
15
Let m be 8/(-10)*(-45)/6. Let r = -12972 + 12999. Calculate the greatest common divisor of r and m.
3
Let x be (1764/(-99) + 18)/((-2)/(-11)). What is the highest common divisor of 244 and x?
1
Suppose -4*q = 169*m - 173*m + 1472, 4*m + 2*q = 1508. Suppose 68 = -2*y + 4*y. What is the highest common divisor of m and y?
34
Suppose 61*b = 19*b + 18018. Let n be ((-6)/(-2))/(6/78). What is the greatest common factor of n and b?
39
Suppose j - 1 = 2*j. Let o be (-11 - -2 - -1)*j. Calculate the greatest common divisor of o and 104.
8
Suppose x + 23*x - 6734 = 11*x. What is the greatest common factor of x and 56?
14
Let m be 0 - 34/4*-40. Suppose 0 = -21*g + 17*g + m. Calculate the highest common factor of g and 17.
17
Let i be 90/(-11) + 8 - (-48)/22. Suppose -c = -4*x - 14, -5*c + 2*c - i*x + 56 = 0. What is the highest common divisor of c and 138?
6
Let p(v) = v**2 + 45*v + 435. Let r be p(-13). What is the greatest common factor of 11723 and r?
19
Let n(y) = -292*y + 879. Let o be n(-9). What is the greatest common divisor of o and 126?
21
Suppose -5*n = 33*j - 29*j - 5137, -2567 = -2*j - 3*n. Calculate the highest common factor of j and 224.
56
Let s(g) = -754*g - 1365. Let q be s(-2). What is the highest common factor of 1547 and q?
13
Let q = -4 + 27. Let t(w) = -4*w - 6. Let m be t(-2). Suppose -g + m*x + 2 = -215, 4*x = g - 227. Calculate the greatest common divisor of g and q.
23
Suppose 4*k - 4*o - 604 = 1812, -k + 4*o + 616 = 0. Calculate the highest common factor of 2900 and k.
100
Let i = -15985 + 17396. Calculate the highest common factor of i and 102.
17
Let m(a) = -85*a**2 - 527*a + 3. Let i be m(-5). Calculate the highest common factor of i and 837.
27
Let s be -1 + 3 - (20 + -26). Let m = 0 + 0. Suppose 4 = i - m*i. Calculate the highest common factor of s and i.
4
Let x be (5682/21)/(29/1421). Calculate the highest common divisor of x and 70.
14
Suppose 2*c + 28 = 16*c. Suppose c*a + 76 = 2*f, 5*f + 10*a - 5*a - 210 = 0. Calculate the highest common divisor of 180 and f.
20
Let w be (-5)/10*-2*(-2 + 32). What is the highest common factor of w and 945?
15
Let r = 118 + -54. Let f = -36 - -22. Let d = -6 - f. What is the highest common divisor of r and d?
8
Suppose 4*i = 5*q - 1236, -i + 240 = q - 0*i. Let h = -24 + q. What is the highest common divisor of 20 and h?
20
Let p be ((-280)/(-25))/((18/1725)/3). Calculate the greatest common divisor of 14 and p.
14
Suppose -35*t = -781 - 1599. Suppose -5*q - t = -j, 5*j + 37*q - 236 = 36*q. What is the highest common factor of 228 and j?
12
Let h be 3800/15 + 48/72. Calculate the greatest common divisor of h and 4.
2
Let x(u) = -u**3 - 50*u**2 - 152*u - 4618. Let d be x(-49). Calculate the greatest common factor of d and 3289.
143
Suppose -121 = -4*u - 3*j, -6*u = -u + j - 165. Let q be 4/(16/422*32/128). Suppose -252 = 5*m - q. Calculate the highest common divisor of m and u.
34
Let h(b) = -15*b + 10. Let y(w) = -13*w - 5*w**2 - 2*w**3 + 0*w**2 - 11 + 3*w**3. Let l be y(7). Let o be h(l). What is the highest common factor of o and 35?
35
Let d be 30/4*-10*(-111012)/825. Calculate the highest common factor of 12 and d.
12
Suppose -723 = -4*o - 215. Let v = o - 204. Let l be 11/(v/18)*(-28)/6. What is the highest common divisor of 96 and l?
12
Suppose 0 = z - 28 + 132. Let n = z - -127. What is the greatest common divisor of n and 1?
1
Let k(o) = 3*o + 4. Let i be k(3). Let g = -162 + 171. Let s = i - g. Calculate the highest common divisor of s and 32.
4
Let h be 48/(45/(-126)*1/(-5)). Let y = -614 + h. Calculate the greatest common divisor of y and 203.
29
Suppose 4*a = 27 - 7. Let s(i) = 22*i - 17. Let g be s(a). Suppose -11*d + g + 182 = 0. What is the highest common factor of 225 and d?
25
Suppose 12*c + 4*h = 17*c - 28, -c + 6 = -h. Suppose -3*k + 0*l - 2*l + 811 = 0, c*l - 287 = -k. Calculate the highest common factor of 3 and k.
3
Let v(z) = -6*z**2 + 107*z + 11. Let q be v(18). Let w be (1 + 0)*((-14)/(-7) - q). What is the greatest common divisor of 333 and w?
9
Suppose 7*x - 12 = 8*x. Let j be 3/(x/(-16)) - -3. Suppose -4*i + 2*t + t = -131, 0 = 2*i + 5*t - 85. Calculate the greatest common factor of j and i.
7
Let t = -4389 - -4401. What is the highest common factor of t and 4116?
12
Let d(f) be the first derivative of -5*f**2 - 9*f - 48. Let i be d(-13). Calculate the greatest common divisor of 11 and i.
11
Let r be 21/4*(-40)/(-15). Suppose 8*k - 6*k = r. Let u = -59 - -136. What is the greatest common factor of k and u?
7
Suppose -9*o + 421 = -74. Let a = -12 + 20. Suppose -h = -a + 3. Calculate the highest common divisor of o and h.
5
Let p(s) = -s*